e factors of l(5)?
3, 53
Let q = -20719 - -49704. List the prime factors of q.
5, 11, 17, 31
Let l = -4522 - -9335. List the prime factors of l.
4813
List the prime factors of 18188 - -153*(-11)/99.
3, 673
Let b(l) = 322*l**2 - 2*l - 7. Let m be b(3). Suppose -5*r - 5*d = -m, -3*d - 1 = 8. List the prime factors of r.
2, 5, 29
Let x(l) = 2*l**3 + 86*l**2 + 26*l + 164. What are the prime factors of x(-41)?
2, 41, 71
Suppose 12*b = 18*b + 48. What are the prime factors of 2 - (b - 25/5)?
3, 5
Let f be (12 + (-200)/15)/(4/(-2838)). Suppose -4*y = 7*y - f. List the prime factors of y.
2, 43
Let n = 320 + -602. What are the prime factors of (-3)/1 - n - -4?
283
Let u(f) = -f**2 - 54*f + 5. Let r be u(-9). Suppose -5*b + 396 = d - r, 3*d = 3*b - 498. List the prime factors of b.
2, 3
Let b = 98 + -85. Suppose -b + 44 = 3*o - 2*c, 15 = -3*c. Suppose -o*h + 587 = -323. What are the prime factors of h?
2, 5, 13
Suppose 15*q - 37*q + 17*q = -54005. List the prime factors of q.
7, 1543
Let m = -2085 + 4856. What are the prime factors of m/5 - 17/85?
2, 277
Let r(q) = 15*q + 34. Let v be r(-7). Let y = v - -73. Suppose -t - 466 = -3*u, -u + 0*u = y*t - 160. What are the prime factors of u?
2, 3, 13
Let m(g) = -g + 11. Let y be m(11). Let p(u) = 11*u + 332. List the prime factors of p(y).
2, 83
Let n be -8*(-9 + (3 - 2)). Suppose v - 22 = -14. Let k = v + n. List the prime factors of k.
2, 3
Suppose 0*m + 4*m = 5*y - 12286, 4*m - y + 12294 = 0. Let x = -1711 - m. What are the prime factors of x?
29, 47
Suppose -1175 - 421 = -4*h. Suppose 29*v = 32*v - h. List the prime factors of v.
7, 19
Let w(d) be the first derivative of -19 + 95/3*d**3 - 2*d - d**2. What are the prime factors of w(-1)?
5, 19
Suppose 8 = -w + 10. Suppose w*z - 7 = u, 5*u = -7 + 2. Suppose 3*x - 560 = -2*o, 4*x = z*o + 431 + 310. What are the prime factors of x?
2, 3, 31
Suppose -7*v - 56 = -567. Let r = -62 + v. List the prime factors of (-11)/(r/(-80)) + 1.
3
Suppose 0 = 2*i - 3*w - 10 - 8, 4*w - 10 = -3*i. Let s(z) = -z**2 + 10*z - 18. Let n be s(i). Suppose n*g - 9*g + 66 = 0. What are the prime factors of g?
2, 11
Suppose 3*z = 5*w + 58, 5*z + 0*w = 4*w + 114. Let i be 65/z*12/5. Suppose -s - 380 = -i*s. What are the prime factors of s?
2, 19
Let n = 603 - -100. Let c = 999 - n. Suppose -b + c = 3*b. What are the prime factors of b?
2, 37
Let w be (8 - 9)*(-11)/(1*-1). Let o be 4/(1 - w) + 111/(-9). List the prime factors of o*((-18)/4 + 1) - 0.
2, 3, 7
Let d(g) = -2387*g + 38. List the prime factors of d(-1).
5, 97
Let s = 1121 + 776. Let b = s + -764. List the prime factors of b.
11, 103
Let l(o) = 224*o**2 - 366*o - 68. What are the prime factors of l(-7)?
2, 3, 5, 449
Let t(x) = 98*x**2 + 4*x - 740. What are the prime factors of t(13)?
2, 7937
Let d(m) = -160*m - 3*m**2 + 171*m - 9 + 130*m**3 - 4*m**2. What are the prime factors of d(2)?
5, 41
Suppose -350*q + 305*q = -696150. What are the prime factors of q?
2, 5, 7, 13, 17
Suppose 1139*l - 17130 = 1134*l. Let z = l + -1642. What are the prime factors of z?
2, 223
Suppose 2*z + 146 = 2*y, -4*z = 5*y - 191 - 165. What are the prime factors of (-16)/y + 5314/18?
5, 59
Let a(n) = -n**3 + 33*n**2 - 59*n + 1. Suppose 5*y - 36 = -s, y - 63 = -2*s - 0*y. What are the prime factors of a(s)?
2, 47
Let n = 2 + -1. Let p(l) = 217*l + 93. Let q(o) = 217*o + 104. Let v(t) = 9*p(t) - 8*q(t). What are the prime factors of v(n)?
2, 3, 37
Let h be ((-4)/3)/(4/(-4098)). Suppose 0 = 3*c - q - h, -q = 2*c + q - 924. Suppose 6*i - c = 221. List the prime factors of i.
113
Let h = -1080 + 2489. What are the prime factors of 1*h - (-408)/(-51)?
3, 467
Suppose -15*i + 101190 = -6*i + 6*i. List the prime factors of i.
2, 3373
What are the prime factors of 10/(-40) - 118*(-582)/16?
2, 29, 37
Let v = 62 + -58. Suppose -32 = -2*b + m, -v*b + 51 + 25 = -5*m. What are the prime factors of (b - 0)*180/70?
2, 3
Suppose 39 = -2*f - 25. Suppose 0 = 71*q - 73*q - 2, 4*w - 429 = q. Let n = w + f. What are the prime factors of n?
3, 5
Let a(c) = 22*c**2 + 20*c - 217. What are the prime factors of a(31)?
5, 31, 139
Suppose -4*p = 2*q + 10, -3*p - 3 + 0 = 0. Let r(o) = -5*o - 4*o**3 - 4*o**2 - 723 + 1381 - 665. What are the prime factors of r(q)?
2, 5
Let k(f) = -f**3 - 11*f**2 - 10*f + 7. Let h be k(-10). Suppose 15 = -3*r, 3*o + 1259 = h*o - 3*r. What are the prime factors of o?
311
Let n = 107 - 84. Let t be (18/(-5))/((-9)/30). Let q = n - t. What are the prime factors of q?
11
Let m be ((-9)/2 - -2)*(-2)/1. Suppose 13*q + 40 = m*q. What are the prime factors of q/((-15)/966)*(-3)/(-6)?
7, 23
Let a = 13835 + -4779. List the prime factors of a.
2, 283
Suppose -2*y + 172 = 5*m, 4*y = 8*y - 5*m - 284. Let t = y - 73. Suppose 3*o = 3*h + 175 + 236, -t*o + 2*h + 410 = 0. List the prime factors of o.
2, 17
Let r(y) = 5*y**2 + 17*y - 1. Let m(q) = 2*q**2 + 9*q. Let o(f) = -9*m(f) + 4*r(f). Suppose -4*b + 18 = -22. List the prime factors of o(b).
2, 3, 11
Suppose -61 = 5*s - 921. Let f be (43 - 39) + 2 + -2. Suppose -3*l = f*z - 140, 0*l = -5*z - 3*l + s. What are the prime factors of z?
2
Suppose -3*c + 0 + 21 = 0. Let b(a) = -a**2 + 2*a + 8. Let d(k) = k**2 + k - 19. Let v(g) = -4*b(g) - d(g). What are the prime factors of v(c)?
71
Let x = 39060 - 20024. What are the prime factors of x?
2, 4759
Let t = -489 + 544. Suppose 0 = t*u - 7382 - 50918. List the prime factors of u.
2, 5, 53
Suppose 11*m - 61*m + 715050 = 0. List the prime factors of m.
3, 7, 227
Let c = 973 + 520. Let x = c - 1062. What are the prime factors of x?
431
Suppose -2*o + 6 = -0*o. List the prime factors of o/(-5) + 72267/195.
2, 5, 37
Let o = -310 + 492. Let p = o - 178. List the prime factors of p.
2
Let q(h) = 28*h**2 + 29*h + 190. List the prime factors of q(-8).
2, 5, 7
Suppose 177*t - 81*t = 52*t + 316536. What are the prime factors of t?
2, 3, 11, 109
Let s be (-7)/(-4) + -2 - 429/(-52). Let a = 1455 + -872. Suppose -s*u + 225 = -a. What are the prime factors of u?
101
Let s(l) = 497*l - 2029. List the prime factors of s(44).
3, 17, 389
Let w be 1*8/(-10)*(-15)/(-6). Let t(a) = -81*a**3 - 3*a**2 - a - 2. What are the prime factors of t(w)?
2, 3, 53
Let w(x) be the third derivative of x**5/12 - x**4/4 - 2*x**3/3 + x**2 - 26. List the prime factors of w(4).
2, 13
Let f be (-5 + 35)/10 - (2 + -116). Let m = f + 368. What are the prime factors of m?
5, 97
Let j = 45072 + -26131. List the prime factors of j.
13, 31, 47
Suppose 350 = p + 3*p + 5*q, -4*p + 356 = 2*q. Suppose p = 2*s - 576. What are the prime factors of s/45 - (-3)/5?
2
Suppose -2*y - 2*x + 15 = 3*x, 0 = 4*x - 12. Suppose y*g - 2208 = -16*g. Suppose 0*j = j - g. List the prime factors of j.
2, 3, 23
Let h(r) = -r**3 - 2*r**2 + 3*r + 4. Let o be h(-2). What are the prime factors of (-740)/o - 50/10?
5, 73
Let h(w) = -1855*w**3 - w**2 + 12*w + 12. Let c = -37 - -36. List the prime factors of h(c).
2, 3, 103
Let s = 704 - -2516. List the prime factors of s.
2, 5, 7, 23
Let l be (-1)/(-4) + (-8935)/(-20). Suppose 0 = -3*f - 0*f - l. Let s = -77 - f. List the prime factors of s.
2, 3
Let y(o) be the second derivative of o**6/36 + 3*o**4/4 - 18*o. Let d(f) be the third derivative of y(f). List the prime factors of d(6).
2, 3, 5
Let v(i) = -2*i**3 - 18*i**2 + 136*i + 123. List the prime factors of v(-33).
3, 5323
What are the prime factors of (-18606)/(-2) + (-4 - (-8 + 2/2))?
2, 3, 11, 47
Let w(y) be the first derivative of 101*y**2 + 2*y + 25. Let z be w(1). Suppose q - 4*o = o + 28, -3*o + z = 4*q. List the prime factors of q.
2, 3
Let x(u) = u**2 - 6*u - 23. Let m be x(8). List the prime factors of 396/1 - (-8 + 0 - m).
397
Suppose 0 = 11*p + 13 - 68. Suppose 2*a - p*q = -130 - 234, -328 = 2*a + 4*q. Let n = -47 - a. What are the prime factors of n?
5
Suppose -2*v + b = -12721, 6*b - 22952 = -4*v + 2450. What are the prime factors of v?
2, 11, 17
Suppose 0 = -3*h + 6, -291 - 1471 = -2*i + 2*h. What are the prime factors of i?
883
Suppose 4*a - 22 = 5*o, 3*a - 1 = 4*o + 16. Suppose -a*i + 6 = 0, -4*w + 86 + 132 = -i. Suppose w - 227 = -n. What are the prime factors of n?
2, 43
Suppose -4*h = u - 125024, 125032 = 4*h - 69*u + 72*u. List the prime factors of h.
5, 7, 19, 47
Let z be (-10)/5*(3 + 526/4). What are the prime factors of 